- 32*o - 2. What is the units digit of v(14)?
6
Suppose 2*a - 21 = -1. Suppose 0 = -16*q + a*q + 282. What is the tens digit of q?
4
Let q(p) = 17*p**2 - 2*p + 2. What is the units digit of q(2)?
6
Suppose 11*i + 515 - 6323 = 0. What is the units digit of i?
8
Suppose -6*n + 2*s = -n - 113, -3*n = -3*s - 75. Let c = -39 + n. What is the tens digit of (-192)/c + (-3)/(-9)?
1
What is the tens digit of 1724/1 + 99 + -105?
1
Let a(w) = w**2 - 6*w + 1. Let t be a(6). Suppose 0 = u - 2*c - 12, -u + t = -3*c - 11. What is the tens digit of u?
1
What is the hundreds digit of 908/3 - 0 - 63/(-189)?
3
Suppose 5*u - 385 = z, 2*z + 3*u = 5*u - 778. Let v = -275 - z. What is the units digit of v?
5
Let k = 20 + 29. Let b = k + -70. What is the units digit of 22/7 - (-3)/b?
3
Let d(i) = -i**2 - 4*i + 4. Let x(o) = 2*o - 9. Let f be x(6). Suppose 3*k - 13 = 3*t + 2*k, 4*k = f*t + 16. What is the units digit of d(t)?
4
Let j(u) = -u + 5. Let b be j(15). Let k = 10 + -36. Let z = b - k. What is the tens digit of z?
1
Suppose -5*a - 2*r + 25 = -0*a, 2*a - 5*r = -19. What is the units digit of 136/(-18)*-15 - 1/a?
3
Let j be 2/4 - (-61)/2. Let l be -2*(2 - (18 - 6)/3). Let p = j + l. What is the units digit of p?
5
Let w = 365 - 241. Suppose 0 = 3*c + 5*t - w, -4*t + t - 70 = -2*c. What is the units digit of c?
8
What is the tens digit of 1*9/12 + 124190/88?
1
Let c be (-136)/(3/(-4 - -7)). Let d = -91 - c. What is the units digit of d?
5
Let v be 0 - 37*(-1)/1. Suppose i + 4*w + 24 = 0, -2*w = -3*i - 0*w - 100. Let m = i + v. What is the units digit of m?
5
Let v(o) = 77*o + 554. What is the tens digit of v(14)?
3
Let f(u) = u**3 - 10*u**2 + 5*u + 1. Suppose 17*w = 13*w + 40. What is the units digit of f(w)?
1
Let i be -2 + 18/3 - 4. Suppose i = -4*u - 2*w + 316, 0*w - 314 = -4*u - w. What is the tens digit of u?
7
Let c be 295/(-2)*24/(-10). Let a(k) = -k**3 + 3*k**2 + 3*k - 1. Let s be a(4). What is the units digit of c/10 + 2/s?
5
Let i(b) be the first derivative of b**4/4 + 22*b**3/3 + 27*b**2/2 + 24*b - 26. What is the hundreds digit of i(-20)?
2
Suppose 10*o = -o + 55. Suppose -24 = -o*s + 151. What is the tens digit of s?
3
Let k be 1*40 + 1 + 1. Suppose -4*h - k = -2*a, a - 3*h = 2*h + 9. What is the units digit of a?
9
Let o(w) = -w**3 + 8*w**2 + 2*w + 5. Let n be o(8). Let h be 1078/55 + 6/(-10). Let x = n - h. What is the units digit of x?
2
Suppose y + 2*y = -g + 15, 2*g - 22 = 2*y. Let p be -148*(4 + (-51)/g). Suppose 2*z = -4*v + 18, 0*z - 5*v = -z + p. What is the units digit of z?
7
Let b be ((-4)/6)/(6/(-15876)). Suppose -b = 14*t - 23*t. What is the tens digit of t?
9
Let q(w) = w**3 - 8*w**2 - w - 1. Let i be q(8). Suppose -2*c - a = -101, a - 6*a = -c + 78. Let h = i + c. What is the tens digit of h?
4
Let v(t) = -33 + 4*t**2 + 13*t + 11 - 4*t + 0*t**2. What is the hundreds digit of v(6)?
1
Suppose 0*q + 2*q = -4*g + 30, 2*g = -4*q + 66. Let s(v) = 8*v - 9. What is the tens digit of s(q)?
2
Suppose -12*d + 9*d = -1713. What is the units digit of d?
1
Let r(d) = -2*d - 4. Let t = 8 - 12. Let x be r(t). Suppose x*b = 8*b - 72. What is the tens digit of b?
1
Let o(a) be the third derivative of a**4/8 - 7*a**3/6 + 2*a**2. Suppose -5*d = 3*w - 64, 9*w - d - 60 = 4*w. What is the units digit of o(w)?
2
What is the hundreds digit of (-5 + -11)/(((-3)/68)/3)?
0
What is the hundreds digit of (-16929)/(-76) - (-10)/8?
2
Suppose -f - 4*m = -5*f - 4, f + 3*m = 19. Suppose -o = 0, -f*w + 488 = -0*w - 3*o. What is the units digit of w?
2
Suppose 110*w - 466006 = -44156. What is the tens digit of w?
3
Let w = 8 - 10. Let z be (-3)/w - (-2)/4. Suppose t + z*t - 81 = 0. What is the units digit of t?
7
Let c(i) = -i**2 - 2*i + 6. Let g(y) = -y**2 + 1. Let m(x) = c(x) - 2*g(x). Suppose -3*v - 5 = -2*v. What is the units digit of m(v)?
9
What is the hundreds digit of 159/((42/91)/2)?
6
Suppose -8 + 0 = -2*z. Let x be (1*-1)/(z/(-20)). What is the tens digit of (58/5)/(2/x)?
2
Suppose -15 = 5*t - 5*m, -6*t = -2*t + m - 13. Suppose -34 = -j - t*s, s + 2*s + 180 = 4*j. What is the tens digit of j?
4
Let g = 5584 + -3044. What is the hundreds digit of g?
5
Suppose 18*p + 110 = 23*p. Let l(d) = 13*d + 17. What is the hundreds digit of l(p)?
3
Suppose -20 = -10*w - 0. Suppose w*f = 4*f - 144. What is the tens digit of f?
7
Suppose -5*y + 21168 = 19*y. What is the hundreds digit of y?
8
Let p(i) be the third derivative of 2*i**5/15 + i**4/4 + i**3 + 10*i**2. Let w be p(-3). Suppose 3*t = -0*t + w. What is the units digit of t?
0
Let g(t) = 5*t - t - t - t + 9. Suppose 37 = -4*c + 93. What is the units digit of g(c)?
7
Let m(w) = 2*w - 47. Let x be m(0). Let y = 157 - x. What is the units digit of 20/(-6)*y/(-85)?
8
Let v be 546/(-24) - (-1)/(-4). Let j = -29 - v. What is the tens digit of 3237/91 + j/(-14)?
3
Let q = 52 - 47. Let x(a) = 33*a - 5. What is the hundreds digit of x(q)?
1
Let w be (1/3)/((-3)/(-18)). Suppose w*l + 4*b - 6 = -0*l, 4*l = 2*b + 12. Suppose 0 = l*c - m - 121, 6*c - 3*c + 5*m = 115. What is the units digit of c?
0
Let r = 2470 + -884. What is the tens digit of r?
8
Suppose 15*c - 10900 = 10*c + 5*l, 5*c - 3*l = 10898. What is the tens digit of c?
7
Suppose -1277 = -3*l - 5*n, 4*l + 2*n - 2067 = -383. What is the units digit of l?
9
Suppose -1 = -2*j + 7. Suppose z - 350 = -j*z. What is the units digit of (-514)/(-10) + (-28)/z?
1
Let a(z) = -z - 3. Let f be a(-4). Let h be (-72)/(-7) + (-8)/28. Let r = h + f. What is the units digit of r?
1
Let k be -4*2/4 + 4. Suppose -5*g - h = -60, k*g + 21 = 3*g + 2*h. What is the units digit of g?
1
Suppose 0 = -124*c + 29*c + 315020. What is the tens digit of c?
1
Let a(d) = 50*d**2 - 5*d + 5. What is the units digit of a(4)?
5
Suppose -145 = 3*a - 4*p, -2*p + 1 = -1. Suppose -211 = 3*s - x, -2*x + 217 = -4*s - 61. Let o = a - s. What is the tens digit of o?
2
Let g(j) = -5*j**2 + j + 11. Let z(l) = 14*l**2 - 4*l - 32. Let i(p) = 17*g(p) + 6*z(p). Let w be i(-6). Suppose 3*v + w = 13. What is the units digit of v?
4
Suppose -37*g + 51714 = 41*g. What is the units digit of g?
3
Let o be (-51)/(-4) - 9/(-36). Suppose -4*v + 2*v = -62. Suppose 0 = 2*f - o - v. What is the tens digit of f?
2
Suppose 4*p = -l + 70, 0*p + 5*p - l - 92 = 0. Let c = p - 22. What is the units digit of 2/c*-10*1?
5
Let g = -7 - -4. Let d(c) = c**3 + 11*c**2 + 2. Let u be d(-11). What is the tens digit of ((-3)/g)/(u/66)?
3
Let h be (-2)/(-1) - (9*-1)/3. Suppose 3*r + 5*x - 27 - 140 = 0, h*x - 216 = -4*r. What is the units digit of r?
9
Let t(u) be the third derivative of -u**6/240 - u**5/30 + u**4/12 - 4*u**2. Let y(i) be the second derivative of t(i). What is the units digit of y(-3)?
5
Suppose 0 = -5*f + 35 + 25. Suppose h + 13 = 3*d + 42, 2*h = -d - f. What is the tens digit of -9 - d - 26/(-1)?
2
Suppose 61 = -8*r + 189. Let g = r + 15. What is the units digit of g?
1
Let y = -818 + 1941. What is the tens digit of y?
2
Let u = 15 + -13. Suppose 0 = -2*t + 8 + 2, -4*l + u*t + 214 = 0. Let y = l + -33. What is the units digit of y?
3
Let u(k) = -3*k**3 - 8*k**2 - 2*k + 23. What is the units digit of u(-6)?
5
Suppose d + 8 = 6. Let y = 18 + d. What is the units digit of y?
6
Suppose m - 2*t + 2 = 2*t, 2*m - t = 3. Let c = -122 + 137. Suppose -c = -3*l + m*l. What is the units digit of l?
5
Let r(n) = 4*n**2 - 3*n**3 + 2*n + 5 + 7*n**3 - 3*n**3. Let s be r(-3). Let g(m) = m**2 - 9*m + 10. What is the units digit of g(s)?
2
Suppose -425 = 2*o + 65. What is the units digit of (-4)/(5/o + 0)?
6
Let h(i) = 17*i - 22*i - 10*i + i**2 + 20. What is the units digit of h(17)?
4
Let k be -65 - 5/(-5)*3. Let f = k + 105. What is the units digit of f?
3
Let t(q) = -q**2 + 10*q + 12. Let x(m) be the first derivative of -m**3/3 - 4*m**2 - 9*m + 9. Let i be x(-5). What is the units digit of t(i)?
6
Suppose 0*b = -5*b - 70. Let k be (5 - 2)/((-21)/b). Suppose 2*t - t + 3*l = 22, 0 = t - k*l - 47. What is the units digit of t?
7
What is the tens digit of 1/(-6) + (-1418)/(-12)?
1
Suppose -1060 = -5*f - 245. What is the units digit of f?
3
Let q(x) = x**3 + 29*x**2 + 18*x + 19. What is the hundreds digit of q(-28)?
2
Let q = 15 + -11. Suppose 0 = x + 3*a - 100, -x - q*a = -5*a - 100. Suppose -3*d - x = -7*d. What is the tens digit of d?
2
Suppo